base 10) to base 4.
-1
Convert -21 (base 7) to base 13.
-12
-8 (base 10) to base 8
-10
What is -34 (base 9) in base 3?
-1011
71 (base 11) to base 6
210
1001110 (base 2) to base 4
1032
Convert 2133 (base 5) to base 10.
293
Convert 18 (base 14) to base 3.
211
Convert 2c (base 15) to base 8.
52
126 (base 7) to base 6
153
-1c (base 13) to base 3
-221
Convert 0 (base 14) to base 11.
0
What is -5 (base 12) in base 11?
-5
Convert 300 (base 5) to base 7.
135
Convert -142 (base 7) to base 5.
-304
Convert -16 (base 9) to base 10.
-15
Convert 1 (base 14) to base 15.
1
Convert 10 (base 15) to base 10.
15
Convert 1a (base 14) to base 7.
33
dc (base 15) to base 12
153
Convert 9 (base 13) to base 15.
9
Convert -4 (base 6) to base 10.
-4
0 (base 3) to base 8
0
What is 2 (base 11) in base 2?
10
3 (base 11) to base 6
3
What is 101 (base 7) in base 2?
110010
-12a (base 15) to base 10
-265
Convert 3121 (base 4) to base 13.
139
What is -1 (base 2) in base 11?
-1
Convert 10 (base 2) to base 15.
2
What is 9 (base 12) in base 15?
9
What is 0 (base 15) in base 3?
0
Convert -6 (base 15) to base 2.
-110
What is 0 (base 6) in base 4?
0
3 (base 16) to base 10
3
What is -6 (base 13) in base 15?
-6
2 (base 9) to base 12
2
-101 (base 2) to base 16
-5
100 (base 2) to base 4
10
4 (base 15) to base 16
4
Convert 21 (base 3) to base 2.
111
1a (base 14) to base 12
20
What is -113 (base 11) in base 13?
-a5
3 (base 7) to base 2
11
-10 (base 2) to base 10
-2
14 (base 8) to base 15
c
-1 (base 16) to base 9
-1
245 (base 6) to base 4
1211
Convert 32 (base 9) to base 5.
104
What is 120 (base 7) in base 2?
111111
What is 8 (base 11) in base 2?
1000
Convert -165 (base 10) to base 3.
-20010
Convert -23 (base 4) to base 6.
-15
Convert 14 (base 9) to base 11.
12
Convert -125 (base 13) to base 15.
-d5
Convert -11 (base 16) to base 11.
-16
Convert -111 (base 4) to base 8.
-25
What is -3 (base 14) in base 4?
-3
-129 (base 15) to base 6
-1120
What is 203 (base 5) in base 3?
1222
Convert -1001 (base 2) to base 3.
-100
10 (base 5) to base 10
5
What is -40 (base 12) in base 5?
-143
-2a (base 15) to base 10
-40
What is 53 (base 16) in base 15?
58
What is 3 (base 4) in base 13?
3
What is -1 (base 8) in base 3?
-1
What is 113 (base 6) in base 5?
140
-6e (base 15) to base 7
-206
Convert -2 (base 6) to base 7.
-2
Convert 1 (base 4) to base 7.
1
What is 10 (base 2) in base 3?
2
c (base 16) to base 4
30
12 (base 13) to base 7
21
7 (base 16) to base 7
10
Convert 7 (base 14) to base 12.
7
-140 (base 9) to base 10
-117
What is -2 (base 12) in base 9?
-2
Convert -3 (base 8) to base 15.
-3
What is -1010 (base 3) in base 4?
-132
Convert 3 (base 12) to base 6.
3
What is 11 (base 2) in base 6?
3
2 (base 7) to base 15
2
53 (base 7) to base 8
46
What is -2 (base 12) in base 11?
-2
What is -55 (base 6) in base 15?
-25
Convert 1 (base 4) to base 16.
1
What is -145 (base 6) in base 2?
-1000001
Convert 3 (base 4) to base 16.
3
11 (base 12) to base 16
d
-2 (base 10) to base 12
-2
28 (base 13) to base 12
2a
Convert 210 (base 4) to base 11.
33
What is 1 (base 8) in base 10?
1
Convert -3 (base 11) to base 4.
-3
What is -12 (base 8) in base 6?
-14
What is -4 (base 9) in base 14?
-4
Convert 55 (base 11) to base 5.
220
What is 7 (base 13) in base 11?
7
-50 (base 7) to base 13
-29
2 (base 11) to base 4
2
What is -110 (base 4) in base 3?
-202
5b (base 14) to base 16
51
Convert -31 (base 6) to base 3.
-201
Convert -154 (base 11) to base 14.
-cc
What is -13 (base 16) in base 7?
-25
3 (base 4) to base 8
3
Convert -323 (base 5) to base 12.
-74
What is 23 (base 4) in base 3?
102
-90 (base 10) to base 16
-5a
What is -1 (base 16) in base 13?
-1
-3 (base 10) to base 16
-3
11 (base 7) to base 4
20
What is -17 (base 13) in base 7?
-26
2 (base 11) to base 16
2
107 (base 9) to base 5
323
What is 43 (base 11) in base 12?
3b
Convert 10 (base 6) to base 14.
6
Convert -1312 (base 4) to base 5.
-433
-2 (base 12) to base 15
-2
Convert 7 (base 9) to base 5.
12
Convert -11221 (base 4) to base 14.
-1bb
-103 (base 5) to base 7
-40
What is -58 (base 15) in base 8?
-123
What is 8 (base 10) in base 13?
8
What is 3 (base 6) in base 2?
11
Convert 16 (base 15) to base 4.
111
What is -3 (base 13) in base 15?
-3
58 (base 9) to base 11
49
Convert -11 (base 9) to base 8.
-12
Convert 1 (base 11) to base 7.
1
What is 3b (base 13) in base 7?
101
What is -68 (base 9) in base 15?
-42
-1 (base 13) to base 4
-1
What is 1 (base 9) in base 4?
1
What is -5 (base 7) in base 6?
-5
Convert b2 (base 16) to base 11.
152
Convert 63 (base 12) to base 7.
135
What is 10100 (base 2) in base 12?
18
Convert -1b (base 12) to base 9.
-25
Convert -1 (base 3) to base 15.
-1
-101 (base 2) to base 16
-5
Convert -111 (base 9) to base 8.
-133
What is 10 (base 6) in base 15?
6
-1 (base 4) to base 15
-1
-1 (base 6) to base 11
-1
-75 (base 14) to base 5
-403
What is -2 (base 3) in base 4?
-2
Convert 0 (base 2) to base 3.
0
-35 (base 13) to base 8
-54
What is -101 (base 4) in base 14?
-13
Convert 2 (base 4) to base 11.
2
What is 29 (base 11) in base 10?
31
What is 18 (base 12) in base 13?
17
-f3 (base 16) to base 2
-11110011
4 (base 16) to base 11
4
What is -1 (base 15) in base 6?
-1
1 (base 10) to base 5
1
Convert -10 (base 12) to base 5.
-22
What is 3 (base 12) in base 16?
3
-7a (base 11) to base 3
-10020
What is 1a (base 16) in base 2?
11010
30 (base 8) to base 4
120
What is -8 (base 16) in base 12?
-8
Convert -15 (base 14) to base 12.
-17
Convert -16 (base 9) to base 12.
-13
What is 13 (base 13) in base 9?
17
-277 (base 11) to base 8
-506
-10 (base 4) to base 15
-4
Convert -24 (base 6) to base 3.
-121
What is -26 (base 7) in base 15?
-15
4 (base 12) to base 3
11
What is 0 (base 4) in base 8?
0
Convert -43 (base 6) to base 12.
-23
What is 11 (base 2) in base 13?
3
What is 3 (base 6) in base 14?
3
What is -2 (base 14) in base 4?
-2
What is 0 (base 15) in base 16?
0
Convert b (base 15) to base 13.
b
What is -41 (base 5) in base 9?
-23
Convert 9c (base 14) to base 15.
93
-153 (base 10) to base 12
-109
Convert 4 (base 6) to base 5.
4
-266 (base 7) to base 15
-9b
What is -150 (base 11) in base 10?
-176
What is -1 (base 10) in base 8?
-1
52 (base 11) to base 10
57
Convert -18 (base 13) to base 7.
-30
-123 (base 5) to base 16
-26
What is -25 (base 16) in base 15?
-27
What is -4 (base 9) in base 3?
-11
Convert 10010 (base 2) to base 16.
12
4 (base 15) to base 8
4
Convert 3 (base 10) to base 16.
3
-27 (base 10) to base 14
-1d
What is -12 (base 7) in base 8?
-11
-2431 (base 5) to base 8
-556
What is 13 (base 15) in base 14?
14
Convert -4 (base 15) to base 8.
-4
Convert -122 (base 7) to base 11.
-5a
Convert -22 (base 4) to base 16.
-a
Convert 10 (base 7) to base 9.
7
What is 0 (base 6) in base 8?
0
Convert 11 (base 6) to base 16.
7
Convert 1000 (base 2) to base 13.
8
Convert -335 (base 6) to base 3.
-11212
Convert -167 (base 13) to base 12.
-192
Convert 1103 (base 4) to base 8.
123
What is 264 (base 7) in base 16?
90
-c (base 14) to base 10
-12
What is -111 (base 3) in base 11?
-12
Convert 11 (base 7) to base 4.
20
What is 4 (base 12) in base 10?
4
-57 (base 16) to base 11
-7a
4 (base 15) to base 10
4
What is d (base 16) in base 2?
1101
Convert 1 (base 3) to base 12.
1
What is -4 (base 13) in base 12?
-4
Convert -24 (base 8) to base 10.
-20
Convert 124 (base 5) to base 15.
29
What is 25 (base 10) in base 7?
34
25 (base 6) to base 3
122
What is -1 (base 13) in base 11?
-1
Convert -122 (base 4) to base 8.
-32
4 (base 10) to base 8
4
What is -4 (base 12) in base 2?
-100
Convert -2 (base 6) to base 14.
-2
Convert 1 (base 11) to base 14.
1
What is -b0 (base 13) in base 16?
-8f
Convert -13 (base 16) to base 7.
-25
What is 260 (base 10) in base 15?
125
3 (base 12) to base 2
11
-101 (base 2) to base 11
-5
What is -13 (base 9) in base 6?
-20
6 (base 13) to base 3
20
Convert 1002 (base 3) to base 14.
21
What is -2 (base 16) in base 11?
-2
Convert -1 (base 7) to base 8.
-1
What is 0 (base 5) in base 7?
0
-1 (base 13) to base 12
-1
-1 (base 7) to base 2
-1
4 (base 8) to base 6
4
What is 2 (base 8) in base 13?
2
Convert 77 (base 12) to base 7.
160
12 (base 10) to base 11
11
What is 0 (base 15) in base 12?
0
5 (base 12) to base 13
5
2c (base 14) to base 5
130
What is 43 (base 10) in base 15?
2d
What is -223 (b